{"id":3331,"date":"2022-09-12T16:01:25","date_gmt":"2022-09-12T16:01:25","guid":{"rendered":"https:\/\/bykellymedeiros.pt\/?post_type=product&#038;p=3331"},"modified":"2024-07-01T23:47:15","modified_gmt":"2024-07-01T23:47:15","slug":"cafe-moncaffe","status":"publish","type":"product","link":"https:\/\/bykellymedeiros.pt\/en\/product\/cafe-moncaffe\/","title":{"rendered":"Moncaff\u00e9 Coffee"},"content":{"rendered":"<p>Segundo diz a lenda, foram os mission\u00e1rios jesu\u00edtas que levaram o caf\u00e9 para a Col\u00f4mbia, em meados de 1700. Mas dados hist\u00f3ricos afirmam que a produ\u00e7\u00e3o e a comercializa\u00e7\u00e3o das primeiras sacas para o exterior tiveram in\u00edcio em 1835, a partir de Salazar de las Palmas, Norte de Santander. De C\u00facuta, principal porto do pa\u00eds da Am\u00e9rica do Sul na \u00e9poca, o fruto dos cafeeiros era comercializado para cidades da Europa e, em 1860, o caf\u00e9 j\u00e1 figurava como o principal produto de exporta\u00e7\u00e3o da Col\u00f4mbia.<\/p>\n<p>Desde ent\u00e3o, o cultivo de caf\u00e9 espalhou-se principalmente por meio da agricultura familiar, desenvolvida em pequenas propriedades de altitude elevada, com m\u00e9dia entre 1,2 mil e 2 mil metros. O solo vulc\u00e2nico \u2013 extremamente f\u00e9rtil -, a presen\u00e7a de microclimas com temperaturas que variam de 8 a 24 graus, a variedade de eleva\u00e7\u00e3o das lavouras, o regime peculiar de chuva e de exposi\u00e7\u00e3o das plantas ao sol foram fatores determinantes para a qualidade superior dos gr\u00e3os produzidos ali, quase que na totalidade de variedades ar\u00e1bica.<\/p>\n<p>Vem justamente da\u00ed das especificidades do \u201cterroir\u201d colombiano uma das raz\u00f5es para a qualidade da produ\u00e7\u00e3o dos caf\u00e9s locais: variedades ar\u00e1bica d\u00e3o-se bem em altitude elevada, caracter\u00edstica que exige o manejo artesanal das lavouras. N\u00e3o por acaso, a colheita das cerejas de caf\u00e9 \u00e9 100% manual, selecionada fruto a fruto. Com isso, a Col\u00f4mbia foi um dos primeiros pa\u00edses do mundo a despontar na produ\u00e7\u00e3o e no com\u00e9rcio de caf\u00e9s direcionados ao mercado premium.<\/p>\n<p>Ler mais em no site <a href=\"https:\/\/miticacompany.pt\/cafe-colombia\/\">moncaff\u00e9<\/a><\/p>","protected":false},"excerpt":{"rendered":"<p>A Montecristo Lisboa tr\u00e1s at\u00e9 a si a primeira edi\u00e7\u00e3o do Moncaff\u00e9. A edi\u00e7\u00e3o Colombia \u00e9 um caf\u00e9 single origin 100% ar\u00e1bica de variedade Caturra plantado a 1900 metros acima do n\u00edvel do mar.<\/p>\n<p><strong>Pack de 4 Embalagens \u2013 40 C\u00e1psulas (0,45\u20ac por c\u00e1psula)<\/strong><\/p>","protected":false},"featured_media":3413,"comment_status":"open","ping_status":"closed","template":"","meta":{"_joinchat":[]},"product_cat":[52],"product_tag":[],"_links":{"self":[{"href":"https:\/\/bykellymedeiros.pt\/en\/wp-json\/wp\/v2\/product\/3331"}],"collection":[{"href":"https:\/\/bykellymedeiros.pt\/en\/wp-json\/wp\/v2\/product"}],"about":[{"href":"https:\/\/bykellymedeiros.pt\/en\/wp-json\/wp\/v2\/types\/product"}],"replies":[{"embeddable":true,"href":"https:\/\/bykellymedeiros.pt\/en\/wp-json\/wp\/v2\/comments?post=3331"}],"wp:featuredmedia":[{"embeddable":true,"href":"https:\/\/bykellymedeiros.pt\/en\/wp-json\/wp\/v2\/media\/3413"}],"wp:attachment":[{"href":"https:\/\/bykellymedeiros.pt\/en\/wp-json\/wp\/v2\/media?parent=3331"}],"wp:term":[{"taxonomy":"product_cat","embeddable":true,"href":"https:\/\/bykellymedeiros.pt\/en\/wp-json\/wp\/v2\/product_cat?post=3331"},{"taxonomy":"product_tag","embeddable":true,"href":"https:\/\/bykellymedeiros.pt\/en\/wp-json\/wp\/v2\/product_tag?post=3331"}],"curies":[{"name":"wp","href":"https:\/\/api.w.org\/{rel}","templated":true}]}}

Moncaffé Coffee

<p>Segundo diz a lenda, foram os missionários jesuítas que levaram o café para a Colômbia, em meados de 1700. Mas dados históricos afirmam que a produção e a comercialização das primeiras sacas para o exterior tiveram início em 1835, a partir de Salazar de las Palmas, Norte de Santander. De Cúcuta, principal porto do país da América do Sul na época, o fruto dos cafeeiros era comercializado para cidades da Europa e, em 1860, o café já figurava como o principal produto de exportação da Colômbia.</p>
<p>Desde então, o cultivo de café espalhou-se principalmente por meio da agricultura familiar, desenvolvida em pequenas propriedades de altitude elevada, com média entre 1,2 mil e 2 mil metros. O solo vulcânico – extremamente fértil -, a presença de microclimas com temperaturas que variam de 8 a 24 graus, a variedade de elevação das lavouras, o regime peculiar de chuva e de exposição das plantas ao sol foram fatores determinantes para a qualidade superior dos grãos produzidos ali, quase que na totalidade de variedades arábica.</p>
<p>Vem justamente daí das especificidades do “terroir” colombiano uma das razões para a qualidade da produção dos cafés locais: variedades arábica dão-se bem em altitude elevada, característica que exige o manejo artesanal das lavouras. Não por acaso, a colheita das cerejas de café é 100% manual, selecionada fruto a fruto. Com isso, a Colômbia foi um dos primeiros países do mundo a despontar na produção e no comércio de cafés direcionados ao mercado premium.</p>
<p>Ler mais em no site <a href="https://miticacompany.pt/cafe-colombia/">moncaffé</a></p>

<p>A Montecristo Lisboa trás até a si a primeira edição do Moncaffé. A edição Colombia é um café single origin 100% arábica de variedade Caturra plantado a 1900 metros acima do nível do mar.</p>
<p><strong>Pack de 4 Embalagens – 40 Cápsulas (0,45€ por cápsula)</strong></p>
